{"id":13,"date":"2024-06-24T14:27:23","date_gmt":"2024-06-24T12:27:23","guid":{"rendered":"http:\/\/wip.aikido-paysdeloire.org\/index.php\/contact-us\/"},"modified":"2024-11-25T16:14:27","modified_gmt":"2024-11-25T15:14:27","slug":"contact","status":"publish","type":"page","link":"https:\/\/aikido-paysdeloire.org\/index.php\/contact\/","title":{"rendered":"Contact"},"content":{"rendered":"\t\t<div data-elementor-type=\"wp-page\" data-elementor-id=\"13\" class=\"elementor elementor-13\">\n\t\t\t\t<div class=\"elementor-element elementor-element-24c16cf6 e-flex e-con-boxed e-con e-parent\" data-id=\"24c16cf6\" data-element_type=\"container\" data-e-type=\"container\" data-settings=\"{&quot;background_background&quot;:&quot;classic&quot;}\">\n\t\t\t\t\t<div class=\"e-con-inner\">\n\t\t<div class=\"elementor-element elementor-element-71f79242 e-con-full e-flex e-con e-child\" data-id=\"71f79242\" data-element_type=\"container\" data-e-type=\"container\">\n\t\t\t\t<div class=\"elementor-element elementor-element-4083a1f8 elementor-invisible elementor-widget elementor-widget-heading\" data-id=\"4083a1f8\" data-element_type=\"widget\" data-e-type=\"widget\" data-settings=\"{&quot;_animation&quot;:&quot;fadeIn&quot;}\" data-widget_type=\"heading.default\">\n\t\t\t\t<div class=\"elementor-widget-container\">\n\t\t\t\t\t<h2 class=\"elementor-heading-title elementor-size-default\">Contactez-nous !<\/h2>\t\t\t\t<\/div>\n\t\t\t\t<\/div>\n\t\t\t\t<div class=\"elementor-element elementor-element-6eec4499 elementor-widget elementor-widget-text-editor\" data-id=\"6eec4499\" data-element_type=\"widget\" data-e-type=\"widget\" data-widget_type=\"text-editor.default\">\n\t\t\t\t<div class=\"elementor-widget-container\">\n\t\t\t\t\t\t\t\t\t<p>Une question ? Une id\u00e9e ou un besoin d&rsquo;information ? N&rsquo;h\u00e9sitez pas \u00e0 nous contacter. Nous reviendrons vers vous d\u00e8s que possible.<\/p>\t\t\t\t\t\t\t\t<\/div>\n\t\t\t\t<\/div>\n\t\t\t\t<\/div>\n\t\t<div class=\"elementor-element elementor-element-68890400 e-con-full e-flex e-con e-child\" data-id=\"68890400\" data-element_type=\"container\" data-e-type=\"container\" data-settings=\"{&quot;background_background&quot;:&quot;classic&quot;}\">\n\t\t\t\t<div class=\"elementor-element elementor-element-338e9c0 eael-contact-form-7-button-align-left eael-contact-form-7-button-custom elementor-widget elementor-widget-eael-contact-form-7\" data-id=\"338e9c0\" data-element_type=\"widget\" data-e-type=\"widget\" data-widget_type=\"eael-contact-form-7.default\">\n\t\t\t\t<div class=\"elementor-widget-container\">\n\t\t\t\t\t<div class=\"eael-contact-form-7-wrapper\">\n                <div class=\"eael-contact-form eael-contact-form-7 eael-contact-form-338e9c0 placeholder-show eael-contact-form-align-default\">\n<div class=\"wpcf7 no-js\" id=\"wpcf7-f311-o1\" lang=\"fr-FR\" dir=\"ltr\" data-wpcf7-id=\"311\">\n<div class=\"screen-reader-response\"><p role=\"status\" aria-live=\"polite\" aria-atomic=\"true\"><\/p> <ul><\/ul><\/div>\n<form action=\"\/index.php\/wp-json\/wp\/v2\/pages\/13#wpcf7-f311-o1\" method=\"post\" class=\"wpcf7-form init\" aria-label=\"Formulaire de contact\" novalidate=\"novalidate\" data-status=\"init\">\n<fieldset class=\"hidden-fields-container\"><input type=\"hidden\" name=\"_wpcf7\" value=\"311\" \/><input type=\"hidden\" name=\"_wpcf7_version\" value=\"6.1.5\" \/><input type=\"hidden\" name=\"_wpcf7_locale\" value=\"fr_FR\" \/><input type=\"hidden\" name=\"_wpcf7_unit_tag\" value=\"wpcf7-f311-o1\" \/><input type=\"hidden\" name=\"_wpcf7_container_post\" value=\"0\" \/><input type=\"hidden\" name=\"_wpcf7_posted_data_hash\" value=\"\" \/>\n<\/fieldset>\n<p><label> Votre nom<br \/>\n<span class=\"wpcf7-form-control-wrap\" data-name=\"your-name\"><input size=\"40\" maxlength=\"400\" class=\"wpcf7-form-control wpcf7-text wpcf7-validates-as-required\" autocomplete=\"name\" aria-required=\"true\" aria-invalid=\"false\" value=\"\" type=\"text\" name=\"your-name\" \/><\/span> <\/label>\n<\/p>\n<p><label> Votre e-mail<br \/>\n<span class=\"wpcf7-form-control-wrap\" data-name=\"your-email\"><input size=\"40\" maxlength=\"400\" class=\"wpcf7-form-control wpcf7-email wpcf7-validates-as-required wpcf7-text wpcf7-validates-as-email\" autocomplete=\"email\" aria-required=\"true\" aria-invalid=\"false\" value=\"\" type=\"email\" name=\"your-email\" \/><\/span> <\/label>\n<\/p>\n<p><label> Objet<br \/>\n<span class=\"wpcf7-form-control-wrap\" data-name=\"your-subject\"><input size=\"40\" maxlength=\"400\" class=\"wpcf7-form-control wpcf7-text wpcf7-validates-as-required\" aria-required=\"true\" aria-invalid=\"false\" value=\"\" type=\"text\" name=\"your-subject\" \/><\/span> <\/label>\n<\/p>\n<p><label> Votre message (facultatif)<br \/>\n<span class=\"wpcf7-form-control-wrap\" data-name=\"your-message\"><textarea cols=\"40\" rows=\"10\" maxlength=\"2000\" class=\"wpcf7-form-control wpcf7-textarea\" aria-invalid=\"false\" name=\"your-message\"><\/textarea><\/span> <\/label>\n<\/p>\n<p><input class=\"wpcf7-form-control wpcf7-submit has-spinner\" type=\"submit\" value=\"Envoyer\" \/>\n<\/p><p style=\"display: none !important;\" class=\"akismet-fields-container\" data-prefix=\"_wpcf7_ak_\"><label>&#916;<textarea name=\"_wpcf7_ak_hp_textarea\" cols=\"45\" rows=\"8\" maxlength=\"100\"><\/textarea><\/label><input type=\"hidden\" id=\"ak_js_1\" name=\"_wpcf7_ak_js\" value=\"241\"\/><script>document.getElementById( \"ak_js_1\" ).setAttribute( \"value\", ( new Date() ).getTime() );<\/script><\/p><div class=\"wpcf7-response-output\" aria-hidden=\"true\"><\/div>\n<\/form>\n<\/div>\n<\/div>\n            <\/div>\t\t\t\t<\/div>\n\t\t\t\t<\/div>\n\t\t\t\t<\/div>\n\t\t\t\t\t<\/div>\n\t\t\t\t<\/div>\n\t\t\t\t<\/div>\n\t\t","protected":false},"excerpt":{"rendered":"<p>Contactez-nous ! Une question ? Une id\u00e9e ou un besoin d&rsquo;information ? N&rsquo;h\u00e9sitez pas \u00e0 nous contacter. Nous reviendrons vers vous d\u00e8s que possible. Votre nom Votre e-mail Objet Votre [&hellip;]<\/p>\n","protected":false},"author":1,"featured_media":0,"parent":0,"menu_order":0,"comment_status":"closed","ping_status":"closed","template":"elementor_header_footer","meta":{"footnotes":""},"class_list":["post-13","page","type-page","status-publish","hentry"],"yoast_head":"<!-- This site is optimized with the Yoast SEO plugin v27.2 - https:\/\/yoast.com\/product\/yoast-seo-wordpress\/ -->\n<title>Contact - A\u00efkido Pays de la Loire<\/title>\n<meta name=\"robots\" content=\"index, follow, max-snippet:-1, max-image-preview:large, max-video-preview:-1\" \/>\n<link rel=\"canonical\" href=\"https:\/\/aikido-paysdeloire.org\/index.php\/contact\/\" \/>\n<meta property=\"og:locale\" content=\"fr_FR\" \/>\n<meta property=\"og:type\" content=\"article\" \/>\n<meta property=\"og:title\" content=\"Contact - A\u00efkido Pays de la Loire\" \/>\n<meta property=\"og:description\" content=\"Contactez-nous ! Une question ? Une id\u00e9e ou un besoin d&rsquo;information ? N&rsquo;h\u00e9sitez pas \u00e0 nous contacter. Nous reviendrons vers vous d\u00e8s que possible. Votre nom Votre e-mail Objet Votre [&hellip;]\" \/>\n<meta property=\"og:url\" content=\"https:\/\/aikido-paysdeloire.org\/index.php\/contact\/\" \/>\n<meta property=\"og:site_name\" content=\"A\u00efkido Pays de la Loire\" \/>\n<meta property=\"article:modified_time\" content=\"2024-11-25T15:14:27+00:00\" \/>\n<meta name=\"twitter:card\" content=\"summary_large_image\" \/>\n<meta name=\"twitter:label1\" content=\"Dur\u00e9e de lecture estim\u00e9e\" \/>\n\t<meta name=\"twitter:data1\" content=\"1 minute\" \/>\n<script type=\"application\/ld+json\" class=\"yoast-schema-graph\">{\"@context\":\"https:\/\/schema.org\",\"@graph\":[{\"@type\":\"WebPage\",\"@id\":\"https:\/\/aikido-paysdeloire.org\/index.php\/contact\/\",\"url\":\"https:\/\/aikido-paysdeloire.org\/index.php\/contact\/\",\"name\":\"Contact - A\u00efkido Pays de la Loire\",\"isPartOf\":{\"@id\":\"https:\/\/aikido-paysdeloire.org\/#website\"},\"datePublished\":\"2024-06-24T12:27:23+00:00\",\"dateModified\":\"2024-11-25T15:14:27+00:00\",\"breadcrumb\":{\"@id\":\"https:\/\/aikido-paysdeloire.org\/index.php\/contact\/#breadcrumb\"},\"inLanguage\":\"fr-FR\",\"potentialAction\":[{\"@type\":\"ReadAction\",\"target\":[\"https:\/\/aikido-paysdeloire.org\/index.php\/contact\/\"]}]},{\"@type\":\"BreadcrumbList\",\"@id\":\"https:\/\/aikido-paysdeloire.org\/index.php\/contact\/#breadcrumb\",\"itemListElement\":[{\"@type\":\"ListItem\",\"position\":1,\"name\":\"Accueil\",\"item\":\"https:\/\/aikido-paysdeloire.org\/\"},{\"@type\":\"ListItem\",\"position\":2,\"name\":\"Contact\"}]},{\"@type\":\"WebSite\",\"@id\":\"https:\/\/aikido-paysdeloire.org\/#website\",\"url\":\"https:\/\/aikido-paysdeloire.org\/\",\"name\":\"A\u00efkido Pays de la Loire\",\"description\":\"Ligue FFAAA des Pays de la Loire\",\"publisher\":{\"@id\":\"https:\/\/aikido-paysdeloire.org\/#organization\"},\"potentialAction\":[{\"@type\":\"SearchAction\",\"target\":{\"@type\":\"EntryPoint\",\"urlTemplate\":\"https:\/\/aikido-paysdeloire.org\/?s={search_term_string}\"},\"query-input\":{\"@type\":\"PropertyValueSpecification\",\"valueRequired\":true,\"valueName\":\"search_term_string\"}}],\"inLanguage\":\"fr-FR\"},{\"@type\":\"Organization\",\"@id\":\"https:\/\/aikido-paysdeloire.org\/#organization\",\"name\":\"A\u00efkido Pays de la Loire\",\"url\":\"https:\/\/aikido-paysdeloire.org\/\",\"logo\":{\"@type\":\"ImageObject\",\"inLanguage\":\"fr-FR\",\"@id\":\"https:\/\/aikido-paysdeloire.org\/#\/schema\/logo\/image\/\",\"url\":\"http:\/\/wip.aikido-paysdeloire.org\/wp-content\/uploads\/cropped-logoligue-square.png\",\"contentUrl\":\"http:\/\/wip.aikido-paysdeloire.org\/wp-content\/uploads\/cropped-logoligue-square.png\",\"width\":512,\"height\":512,\"caption\":\"A\u00efkido Pays de la Loire\"},\"image\":{\"@id\":\"https:\/\/aikido-paysdeloire.org\/#\/schema\/logo\/image\/\"}}]}<\/script>\n<!-- \/ Yoast SEO plugin. -->","yoast_head_json":{"title":"Contact - A\u00efkido Pays de la Loire","robots":{"index":"index","follow":"follow","max-snippet":"max-snippet:-1","max-image-preview":"max-image-preview:large","max-video-preview":"max-video-preview:-1"},"canonical":"https:\/\/aikido-paysdeloire.org\/index.php\/contact\/","og_locale":"fr_FR","og_type":"article","og_title":"Contact - A\u00efkido Pays de la Loire","og_description":"Contactez-nous ! Une question ? Une id\u00e9e ou un besoin d&rsquo;information ? N&rsquo;h\u00e9sitez pas \u00e0 nous contacter. Nous reviendrons vers vous d\u00e8s que possible. Votre nom Votre e-mail Objet Votre [&hellip;]","og_url":"https:\/\/aikido-paysdeloire.org\/index.php\/contact\/","og_site_name":"A\u00efkido Pays de la Loire","article_modified_time":"2024-11-25T15:14:27+00:00","twitter_card":"summary_large_image","twitter_misc":{"Dur\u00e9e de lecture estim\u00e9e":"1 minute"},"schema":{"@context":"https:\/\/schema.org","@graph":[{"@type":"WebPage","@id":"https:\/\/aikido-paysdeloire.org\/index.php\/contact\/","url":"https:\/\/aikido-paysdeloire.org\/index.php\/contact\/","name":"Contact - A\u00efkido Pays de la Loire","isPartOf":{"@id":"https:\/\/aikido-paysdeloire.org\/#website"},"datePublished":"2024-06-24T12:27:23+00:00","dateModified":"2024-11-25T15:14:27+00:00","breadcrumb":{"@id":"https:\/\/aikido-paysdeloire.org\/index.php\/contact\/#breadcrumb"},"inLanguage":"fr-FR","potentialAction":[{"@type":"ReadAction","target":["https:\/\/aikido-paysdeloire.org\/index.php\/contact\/"]}]},{"@type":"BreadcrumbList","@id":"https:\/\/aikido-paysdeloire.org\/index.php\/contact\/#breadcrumb","itemListElement":[{"@type":"ListItem","position":1,"name":"Accueil","item":"https:\/\/aikido-paysdeloire.org\/"},{"@type":"ListItem","position":2,"name":"Contact"}]},{"@type":"WebSite","@id":"https:\/\/aikido-paysdeloire.org\/#website","url":"https:\/\/aikido-paysdeloire.org\/","name":"A\u00efkido Pays de la Loire","description":"Ligue FFAAA des Pays de la Loire","publisher":{"@id":"https:\/\/aikido-paysdeloire.org\/#organization"},"potentialAction":[{"@type":"SearchAction","target":{"@type":"EntryPoint","urlTemplate":"https:\/\/aikido-paysdeloire.org\/?s={search_term_string}"},"query-input":{"@type":"PropertyValueSpecification","valueRequired":true,"valueName":"search_term_string"}}],"inLanguage":"fr-FR"},{"@type":"Organization","@id":"https:\/\/aikido-paysdeloire.org\/#organization","name":"A\u00efkido Pays de la Loire","url":"https:\/\/aikido-paysdeloire.org\/","logo":{"@type":"ImageObject","inLanguage":"fr-FR","@id":"https:\/\/aikido-paysdeloire.org\/#\/schema\/logo\/image\/","url":"http:\/\/wip.aikido-paysdeloire.org\/wp-content\/uploads\/cropped-logoligue-square.png","contentUrl":"http:\/\/wip.aikido-paysdeloire.org\/wp-content\/uploads\/cropped-logoligue-square.png","width":512,"height":512,"caption":"A\u00efkido Pays de la Loire"},"image":{"@id":"https:\/\/aikido-paysdeloire.org\/#\/schema\/logo\/image\/"}}]}},"_links":{"self":[{"href":"https:\/\/aikido-paysdeloire.org\/index.php\/wp-json\/wp\/v2\/pages\/13","targetHints":{"allow":["GET"]}}],"collection":[{"href":"https:\/\/aikido-paysdeloire.org\/index.php\/wp-json\/wp\/v2\/pages"}],"about":[{"href":"https:\/\/aikido-paysdeloire.org\/index.php\/wp-json\/wp\/v2\/types\/page"}],"author":[{"embeddable":true,"href":"https:\/\/aikido-paysdeloire.org\/index.php\/wp-json\/wp\/v2\/users\/1"}],"replies":[{"embeddable":true,"href":"https:\/\/aikido-paysdeloire.org\/index.php\/wp-json\/wp\/v2\/comments?post=13"}],"version-history":[{"count":20,"href":"https:\/\/aikido-paysdeloire.org\/index.php\/wp-json\/wp\/v2\/pages\/13\/revisions"}],"predecessor-version":[{"id":560,"href":"https:\/\/aikido-paysdeloire.org\/index.php\/wp-json\/wp\/v2\/pages\/13\/revisions\/560"}],"wp:attachment":[{"href":"https:\/\/aikido-paysdeloire.org\/index.php\/wp-json\/wp\/v2\/media?parent=13"}],"curies":[{"name":"wp","href":"https:\/\/api.w.org\/{rel}","templated":true}]}}