{"id":55,"date":"2024-07-09T00:11:26","date_gmt":"2024-07-08T22:11:26","guid":{"rendered":"http:\/\/wip.aikido-paysdeloire.org\/?page_id=55"},"modified":"2025-06-16T13:13:41","modified_gmt":"2025-06-16T11:13:41","slug":"histoire-de-laikido","status":"publish","type":"page","link":"https:\/\/aikido-paysdeloire.org\/index.php\/histoire-de-laikido\/","title":{"rendered":"Histoire de l&rsquo;A\u00efkido"},"content":{"rendered":"\t\t<div data-elementor-type=\"wp-page\" data-elementor-id=\"55\" class=\"elementor elementor-55\">\n\t\t\t\t<div class=\"elementor-element elementor-element-11453c5 e-flex e-con-boxed e-con e-parent\" data-id=\"11453c5\" data-element_type=\"container\" data-e-type=\"container\">\n\t\t\t\t\t<div class=\"e-con-inner\">\n\t\t<div class=\"elementor-element elementor-element-30eb76c e-con-full e-flex e-con e-child\" data-id=\"30eb76c\" data-element_type=\"container\" data-e-type=\"container\">\n\t\t\t\t<div class=\"elementor-element elementor-element-53109ef elementor-widget elementor-widget-heading\" data-id=\"53109ef\" data-element_type=\"widget\" data-e-type=\"widget\" data-settings=\"{&quot;_animation&quot;:&quot;none&quot;}\" data-widget_type=\"heading.default\">\n\t\t\t\t<div class=\"elementor-widget-container\">\n\t\t\t\t\t<h1 class=\"elementor-heading-title elementor-size-default\">Histoire de l'A\u00efkido<\/h1>\t\t\t\t<\/div>\n\t\t\t\t<\/div>\n\t\t\t\t<div class=\"elementor-element elementor-element-41591f6 elementor-widget elementor-widget-heading\" data-id=\"41591f6\" data-element_type=\"widget\" data-e-type=\"widget\" data-settings=\"{&quot;_animation&quot;:&quot;none&quot;,&quot;_animation_delay&quot;:400}\" data-widget_type=\"heading.default\">\n\t\t\t\t<div class=\"elementor-widget-container\">\n\t\t\t\t\t<h2 class=\"elementor-heading-title elementor-size-default\">Des origines au Japon \u00e0 la cr\u00e9ation de la FFAAA en France<\/h2>\t\t\t\t<\/div>\n\t\t\t\t<\/div>\n\t\t<div class=\"elementor-element elementor-element-6494db6 e-con-full e-flex e-con e-child\" data-id=\"6494db6\" data-element_type=\"container\" data-e-type=\"container\">\n\t\t\t\t<div class=\"elementor-element elementor-element-8c2af3c elementor-widget__width-initial elementor-widget elementor-widget-text-editor\" data-id=\"8c2af3c\" data-element_type=\"widget\" data-e-type=\"widget\" data-widget_type=\"text-editor.default\">\n\t\t\t\t<div class=\"elementor-widget-container\">\n\t\t\t\t\t\t\t\t\t<h3>L\u2019A\u00efkido, un art martial aux racines profondes<\/h3><p>L&rsquo;A\u00efkido est un art martial japonais fond\u00e9 au d\u00e9but du XXe si\u00e8cle par Morihei Ueshiba (1883-1969), souvent appel\u00e9 O-Sensei, ce qui signifie \u00ab\u00a0grand ma\u00eetre\u00a0\u00bb. La philosophie de l&rsquo;A\u00efkido repose sur des principes de non-violence, de paix et d&rsquo;harmonie. Ueshiba a d\u00e9velopp\u00e9 l&rsquo;A\u00efkido en int\u00e9grant des \u00e9l\u00e9ments de plusieurs arts martiaux traditionnels, notamment le Daito-ryu Aiki-jujutsu, le Kenjutsu (l&rsquo;art du sabre) et le Judo.<\/p><p>Ueshiba cherchait \u00e0 cr\u00e9er une discipline martiale qui permette de neutraliser l\u2019adversaire sans causer de blessures graves, mettant ainsi l&rsquo;accent sur la protection de l&rsquo;attaquant autant que sur celle du d\u00e9fenseur. L&rsquo;A\u00efkido se distingue par ses techniques de projection et de contr\u00f4le des articulations, souvent r\u00e9alis\u00e9es \u00e0 partir de mouvements circulaires fluides.<\/p>\t\t\t\t\t\t\t\t<\/div>\n\t\t\t\t<\/div>\n\t\t\t\t<div class=\"elementor-element elementor-element-2ba9ef9 elementor-widget elementor-widget-image\" data-id=\"2ba9ef9\" data-element_type=\"widget\" data-e-type=\"widget\" data-widget_type=\"image.default\">\n\t\t\t\t<div class=\"elementor-widget-container\">\n\t\t\t\t\t\t\t\t\t\t\t\t\t\t\t<img fetchpriority=\"high\" decoding=\"async\" width=\"448\" height=\"558\" src=\"https:\/\/aikido-paysdeloire.org\/wp-content\/uploads\/488px-morihei-ueshiba_rounded2-e1726177401409.webp\" class=\"attachment-large size-large wp-image-211\" alt=\"\" srcset=\"https:\/\/aikido-paysdeloire.org\/wp-content\/uploads\/488px-morihei-ueshiba_rounded2-e1726177401409.webp 448w, https:\/\/aikido-paysdeloire.org\/wp-content\/uploads\/488px-morihei-ueshiba_rounded2-e1726177401409-241x300.webp 241w\" sizes=\"(max-width: 448px) 100vw, 448px\" \/>\t\t\t\t\t\t\t\t\t\t\t\t\t\t\t<\/div>\n\t\t\t\t<\/div>\n\t\t\t\t<\/div>\n\t\t<div class=\"elementor-element elementor-element-44d8cc7 e-con-full e-flex e-con e-child\" data-id=\"44d8cc7\" data-element_type=\"container\" data-e-type=\"container\">\n\t\t\t\t<div class=\"elementor-element elementor-element-4a5510d elementor-widget__width-initial elementor-widget elementor-widget-text-editor\" data-id=\"4a5510d\" data-element_type=\"widget\" data-e-type=\"widget\" data-widget_type=\"text-editor.default\">\n\t\t\t\t<div class=\"elementor-widget-container\">\n\t\t\t\t\t\t\t\t\t<h3>L&rsquo;Expansion de l&rsquo;A\u00efkido hors du Japon<\/h3>\n<p>Apr\u00e8s la Seconde Guerre mondiale, l&rsquo;A\u00efkido a commenc\u00e9 \u00e0 se diffuser en dehors du Japon, gr\u00e2ce \u00e0 des ma\u00eetres japonais qui ont voyag\u00e9 \u00e0 l&rsquo;\u00e9tranger pour enseigner. L&rsquo;un des pionniers dans ce mouvement fut Koichi Tohei, qui visita Hawa\u00ef en 1953, marquant ainsi le d\u00e9but de l&rsquo;introduction de l&rsquo;A\u00efkido aux \u00c9tats-Unis.<\/p>\n<p>\u00c0 la m\u00eame \u00e9poque, des pratiquants japonais comme Tadashi Abe, Minoru Mochizuki, et Kenshiro Abbe ont contribu\u00e9 \u00e0 la diffusion de l&rsquo;A\u00efkido en Europe, notamment en France. Tadashi Abe fut le premier \u00e0 introduire l&rsquo;A\u00efkido en France en 1952, o\u00f9 il commen\u00e7a \u00e0 enseigner \u00e0 Paris et dans d&rsquo;autres grandes villes.<\/p><p>Ueshiba cherchait \u00e0 cr\u00e9er une discipline martiale qui permette de neutraliser l\u2019adversaire sans causer de blessures graves, mettant ainsi l&rsquo;accent sur la protection de l&rsquo;attaquant autant que sur celle du d\u00e9fenseur. L&rsquo;A\u00efkido se distingue par ses techniques de projection et de contr\u00f4le des articulations, souvent r\u00e9alis\u00e9es \u00e0 partir de mouvements circulaires fluides.<\/p>\t\t\t\t\t\t\t\t<\/div>\n\t\t\t\t<\/div>\n\t\t\t\t<div class=\"elementor-element elementor-element-3dbfc35 elementor-widget elementor-widget-image\" data-id=\"3dbfc35\" data-element_type=\"widget\" data-e-type=\"widget\" data-widget_type=\"image.default\">\n\t\t\t\t<div class=\"elementor-widget-container\">\n\t\t\t\t\t\t\t\t\t\t\t\t\t\t\t<img decoding=\"async\" width=\"800\" height=\"589\" src=\"https:\/\/aikido-paysdeloire.org\/wp-content\/uploads\/4b1f610fd5df78ca01c44f1d9371e119-1024x754.webp\" class=\"attachment-large size-large wp-image-535\" alt=\"\" srcset=\"https:\/\/aikido-paysdeloire.org\/wp-content\/uploads\/4b1f610fd5df78ca01c44f1d9371e119-1024x754.webp 1024w, https:\/\/aikido-paysdeloire.org\/wp-content\/uploads\/4b1f610fd5df78ca01c44f1d9371e119-300x221.webp 300w, https:\/\/aikido-paysdeloire.org\/wp-content\/uploads\/4b1f610fd5df78ca01c44f1d9371e119-768x566.webp 768w, https:\/\/aikido-paysdeloire.org\/wp-content\/uploads\/4b1f610fd5df78ca01c44f1d9371e119.webp 1127w\" sizes=\"(max-width: 800px) 100vw, 800px\" \/>\t\t\t\t\t\t\t\t\t\t\t\t\t\t\t<\/div>\n\t\t\t\t<\/div>\n\t\t\t\t<\/div>\n\t\t<div class=\"elementor-element elementor-element-4fda32e e-con-full e-flex e-con e-child\" data-id=\"4fda32e\" data-element_type=\"container\" data-e-type=\"container\">\n\t\t\t\t<div class=\"elementor-element elementor-element-de6a2b1 elementor-widget__width-initial elementor-widget elementor-widget-text-editor\" data-id=\"de6a2b1\" data-element_type=\"widget\" data-e-type=\"widget\" data-widget_type=\"text-editor.default\">\n\t\t\t\t<div class=\"elementor-widget-container\">\n\t\t\t\t\t\t\t\t\t<h3>L\u2019A\u00efkido en France : L\u2019\u00e9mergence d\u2019une discipline structur\u00e9e<\/h3>\n<p>L\u2019A\u00efkido a rapidement gagn\u00e9 en popularit\u00e9 en France, gr\u00e2ce \u00e0 la passion et \u00e0 l&rsquo;engagement des premiers \u00e9l\u00e8ves et instructeurs. Dans les ann\u00e9es 1960 et 1970, plusieurs dojos (salles d&rsquo;entra\u00eenement) furent \u00e9tablis \u00e0 travers le pays, attirant de nombreux pratiquants.<\/p>\n\n<p>Pour r\u00e9pondre \u00e0 l&rsquo;augmentation du nombre de pratiquants et pour structurer la pratique de l&rsquo;A\u00efkido en France, diverses organisations furent cr\u00e9\u00e9es. La plus importante d&rsquo;entre elles est la F\u00e9d\u00e9ration Fran\u00e7aise d&rsquo;A\u00efkido, A\u00efkibudo et Affinitaires (FFAAA). Fond\u00e9e en 1983, la FFAAA a jou\u00e9 un r\u00f4le crucial dans la promotion et l\u2019organisation de l\u2019A\u00efkido en France. Elle s&rsquo;est donn\u00e9e pour mission de diffuser l&rsquo;A\u00efkido en respectant les principes enseign\u00e9s par O-Sensei, tout en s&rsquo;adaptant aux besoins des pratiquants fran\u00e7ais.<\/p>\t\t\t\t\t\t\t\t<\/div>\n\t\t\t\t<\/div>\n\t\t\t\t<div class=\"elementor-element elementor-element-8558b9d elementor-widget elementor-widget-image\" data-id=\"8558b9d\" data-element_type=\"widget\" data-e-type=\"widget\" data-widget_type=\"image.default\">\n\t\t\t\t<div class=\"elementor-widget-container\">\n\t\t\t\t\t\t\t\t\t\t\t\t\t\t\t<img decoding=\"async\" width=\"800\" height=\"450\" src=\"https:\/\/aikido-paysdeloire.org\/wp-content\/uploads\/Picture-of-Aikido-1024x576.webp\" class=\"attachment-large size-large wp-image-546\" alt=\"\" srcset=\"https:\/\/aikido-paysdeloire.org\/wp-content\/uploads\/Picture-of-Aikido-1024x576.webp 1024w, https:\/\/aikido-paysdeloire.org\/wp-content\/uploads\/Picture-of-Aikido-300x169.webp 300w, https:\/\/aikido-paysdeloire.org\/wp-content\/uploads\/Picture-of-Aikido-768x432.webp 768w, https:\/\/aikido-paysdeloire.org\/wp-content\/uploads\/Picture-of-Aikido-1536x864.webp 1536w, https:\/\/aikido-paysdeloire.org\/wp-content\/uploads\/Picture-of-Aikido.webp 1920w\" sizes=\"(max-width: 800px) 100vw, 800px\" \/>\t\t\t\t\t\t\t\t\t\t\t\t\t\t\t<\/div>\n\t\t\t\t<\/div>\n\t\t\t\t<\/div>\n\t\t<div class=\"elementor-element elementor-element-f16fc7d e-con-full e-flex e-con e-child\" data-id=\"f16fc7d\" data-element_type=\"container\" data-e-type=\"container\">\n\t\t\t\t<div class=\"elementor-element elementor-element-27d0a17 elementor-widget elementor-widget-image\" data-id=\"27d0a17\" data-element_type=\"widget\" data-e-type=\"widget\" data-widget_type=\"image.default\">\n\t\t\t\t<div class=\"elementor-widget-container\">\n\t\t\t\t\t\t\t\t\t\t\t\t\t\t\t<img loading=\"lazy\" decoding=\"async\" width=\"800\" height=\"331\" src=\"https:\/\/aikido-paysdeloire.org\/wp-content\/uploads\/ffaaa-logo-1024x424.webp\" class=\"attachment-large size-large wp-image-205\" alt=\"\" srcset=\"https:\/\/aikido-paysdeloire.org\/wp-content\/uploads\/ffaaa-logo-1024x424.webp 1024w, https:\/\/aikido-paysdeloire.org\/wp-content\/uploads\/ffaaa-logo-300x124.webp 300w, https:\/\/aikido-paysdeloire.org\/wp-content\/uploads\/ffaaa-logo-768x318.webp 768w, https:\/\/aikido-paysdeloire.org\/wp-content\/uploads\/ffaaa-logo-1536x637.webp 1536w, https:\/\/aikido-paysdeloire.org\/wp-content\/uploads\/ffaaa-logo.webp 1920w\" sizes=\"(max-width: 800px) 100vw, 800px\" \/>\t\t\t\t\t\t\t\t\t\t\t\t\t\t\t<\/div>\n\t\t\t\t<\/div>\n\t\t\t\t<div class=\"elementor-element elementor-element-47fbe37 elementor-widget__width-initial elementor-widget elementor-widget-text-editor\" data-id=\"47fbe37\" data-element_type=\"widget\" data-e-type=\"widget\" data-widget_type=\"text-editor.default\">\n\t\t\t\t<div class=\"elementor-widget-container\">\n\t\t\t\t\t\t\t\t\t<h3>La FFAAA : Une Institution de R\u00e9f\u00e9rence<\/h3><p>La FFAAA a mis en place un cadre structur\u00e9 pour l&rsquo;enseignement de l&rsquo;A\u00efkido, avec des programmes de formation pour les enseignants, des grades reconnus et des comp\u00e9titions et d\u00e9monstrations r\u00e9guli\u00e8res pour promouvoir l&rsquo;art martial. La f\u00e9d\u00e9ration organise \u00e9galement des stages avec des ma\u00eetres de renomm\u00e9e internationale, permettant aux pratiquants fran\u00e7ais de b\u00e9n\u00e9ficier des enseignements de hauts grad\u00e9s venus du Japon et d&rsquo;autres pays.<\/p><p>En parall\u00e8le, la F\u00e9d\u00e9ration Fran\u00e7aise d&rsquo;A\u00efkido et de Budo (FFAB) a \u00e9t\u00e9 cr\u00e9\u00e9e, offrant aux pratiquants une autre structure de r\u00e9f\u00e9rence. Les deux f\u00e9d\u00e9rations coexistent en France, contribuant chacune \u00e0 sa mani\u00e8re \u00e0 la diffusion et \u00e0 l&rsquo;enseignement de l&rsquo;A\u00efkido.<\/p>\t\t\t\t\t\t\t\t<\/div>\n\t\t\t\t<\/div>\n\t\t\t\t<\/div>\n\t\t<div class=\"elementor-element elementor-element-0bdb502 e-con-full e-flex e-con e-child\" data-id=\"0bdb502\" data-element_type=\"container\" data-e-type=\"container\">\n\t\t\t\t<div class=\"elementor-element elementor-element-172be30 elementor-widget__width-initial elementor-widget elementor-widget-text-editor\" data-id=\"172be30\" data-element_type=\"widget\" data-e-type=\"widget\" data-widget_type=\"text-editor.default\">\n\t\t\t\t<div class=\"elementor-widget-container\">\n\t\t\t\t\t\t\t\t\t<h3>Conclusion<\/h3><p>De ses racines profondes au Japon aux tatamis fran\u00e7ais, l&rsquo;A\u00efkido a parcouru un long chemin, port\u00e9 par la vision de Morihei Ueshiba et l&rsquo;engagement de nombreux passionn\u00e9s. Aujourd&rsquo;hui, gr\u00e2ce \u00e0 des structures comme la FFAAA, l&rsquo;A\u00efkido continue de prosp\u00e9rer en France, offrant \u00e0 ses pratiquants un chemin de d\u00e9veloppement personnel bas\u00e9 sur l&rsquo;harmonie et le respect.<\/p>\t\t\t\t\t\t\t\t<\/div>\n\t\t\t\t<\/div>\n\t\t\t\t<div class=\"elementor-element elementor-element-0d03b46 elementor-widget elementor-widget-image\" data-id=\"0d03b46\" data-element_type=\"widget\" data-e-type=\"widget\" data-widget_type=\"image.default\">\n\t\t\t\t<div class=\"elementor-widget-container\">\n\t\t\t\t\t\t\t\t\t\t\t\t\t\t\t<img loading=\"lazy\" decoding=\"async\" width=\"800\" height=\"397\" src=\"https:\/\/aikido-paysdeloire.org\/wp-content\/uploads\/Ueshiba_3-1024x508.webp\" class=\"attachment-large size-large wp-image-541\" alt=\"\" srcset=\"https:\/\/aikido-paysdeloire.org\/wp-content\/uploads\/Ueshiba_3-1024x508.webp 1024w, https:\/\/aikido-paysdeloire.org\/wp-content\/uploads\/Ueshiba_3-300x149.webp 300w, https:\/\/aikido-paysdeloire.org\/wp-content\/uploads\/Ueshiba_3-768x381.webp 768w, https:\/\/aikido-paysdeloire.org\/wp-content\/uploads\/Ueshiba_3.webp 1210w\" sizes=\"(max-width: 800px) 100vw, 800px\" \/>\t\t\t\t\t\t\t\t\t\t\t\t\t\t\t<\/div>\n\t\t\t\t<\/div>\n\t\t\t\t<\/div>\n\t\t\t\t<\/div>\n\t\t\t\t\t<\/div>\n\t\t\t\t<\/div>\n\t\t\t\t<\/div>\n\t\t","protected":false},"excerpt":{"rendered":"<p>Histoire de l&rsquo;A\u00efkido Des origines au Japon \u00e0 la cr\u00e9ation de la FFAAA en France L\u2019A\u00efkido, un art martial aux racines profondes L&rsquo;A\u00efkido est un art martial japonais fond\u00e9 au [&hellip;]<\/p>\n","protected":false},"author":1,"featured_media":0,"parent":0,"menu_order":0,"comment_status":"closed","ping_status":"closed","template":"elementor_header_footer","meta":{"footnotes":""},"class_list":["post-55","page","type-page","status-publish","hentry"],"yoast_head":"<!-- This site is optimized with the Yoast SEO plugin v27.2 - https:\/\/yoast.com\/product\/yoast-seo-wordpress\/ -->\n<title>Histoire de l&#039;A\u00efkido - A\u00efkido Pays de la Loire<\/title>\n<meta name=\"robots\" content=\"index, follow, max-snippet:-1, max-image-preview:large, max-video-preview:-1\" \/>\n<link rel=\"canonical\" href=\"https:\/\/aikido-paysdeloire.org\/index.php\/histoire-de-laikido\/\" \/>\n<meta property=\"og:locale\" content=\"fr_FR\" \/>\n<meta property=\"og:type\" content=\"article\" \/>\n<meta property=\"og:title\" content=\"Histoire de l&#039;A\u00efkido - A\u00efkido Pays de la Loire\" \/>\n<meta property=\"og:description\" content=\"Histoire de l&rsquo;A\u00efkido Des origines au Japon \u00e0 la cr\u00e9ation de la FFAAA en France L\u2019A\u00efkido, un art martial aux racines profondes L&rsquo;A\u00efkido est un art martial japonais fond\u00e9 au [&hellip;]\" \/>\n<meta property=\"og:url\" content=\"https:\/\/aikido-paysdeloire.org\/index.php\/histoire-de-laikido\/\" \/>\n<meta property=\"og:site_name\" content=\"A\u00efkido Pays de la Loire\" \/>\n<meta property=\"article:modified_time\" content=\"2025-06-16T11:13:41+00:00\" \/>\n<meta property=\"og:image\" content=\"http:\/\/wip.aikido-paysdeloire.org\/wp-content\/uploads\/488px-morihei-ueshiba_rounded2-e1726177401409.png\" \/>\n<meta name=\"twitter:card\" content=\"summary_large_image\" \/>\n<meta name=\"twitter:label1\" content=\"Dur\u00e9e de lecture estim\u00e9e\" \/>\n\t<meta name=\"twitter:data1\" content=\"5 minutes\" \/>\n<script type=\"application\/ld+json\" class=\"yoast-schema-graph\">{\"@context\":\"https:\/\/schema.org\",\"@graph\":[{\"@type\":\"WebPage\",\"@id\":\"https:\/\/aikido-paysdeloire.org\/index.php\/histoire-de-laikido\/\",\"url\":\"https:\/\/aikido-paysdeloire.org\/index.php\/histoire-de-laikido\/\",\"name\":\"Histoire de l'A\u00efkido - A\u00efkido Pays de la Loire\",\"isPartOf\":{\"@id\":\"https:\/\/aikido-paysdeloire.org\/#website\"},\"primaryImageOfPage\":{\"@id\":\"https:\/\/aikido-paysdeloire.org\/index.php\/histoire-de-laikido\/#primaryimage\"},\"image\":{\"@id\":\"https:\/\/aikido-paysdeloire.org\/index.php\/histoire-de-laikido\/#primaryimage\"},\"thumbnailUrl\":\"http:\/\/wip.aikido-paysdeloire.org\/wp-content\/uploads\/488px-morihei-ueshiba_rounded2-e1726177401409.png\",\"datePublished\":\"2024-07-08T22:11:26+00:00\",\"dateModified\":\"2025-06-16T11:13:41+00:00\",\"breadcrumb\":{\"@id\":\"https:\/\/aikido-paysdeloire.org\/index.php\/histoire-de-laikido\/#breadcrumb\"},\"inLanguage\":\"fr-FR\",\"potentialAction\":[{\"@type\":\"ReadAction\",\"target\":[\"https:\/\/aikido-paysdeloire.org\/index.php\/histoire-de-laikido\/\"]}]},{\"@type\":\"ImageObject\",\"inLanguage\":\"fr-FR\",\"@id\":\"https:\/\/aikido-paysdeloire.org\/index.php\/histoire-de-laikido\/#primaryimage\",\"url\":\"http:\/\/wip.aikido-paysdeloire.org\/wp-content\/uploads\/488px-morihei-ueshiba_rounded2-e1726177401409.png\",\"contentUrl\":\"http:\/\/wip.aikido-paysdeloire.org\/wp-content\/uploads\/488px-morihei-ueshiba_rounded2-e1726177401409.png\"},{\"@type\":\"BreadcrumbList\",\"@id\":\"https:\/\/aikido-paysdeloire.org\/index.php\/histoire-de-laikido\/#breadcrumb\",\"itemListElement\":[{\"@type\":\"ListItem\",\"position\":1,\"name\":\"Accueil\",\"item\":\"https:\/\/aikido-paysdeloire.org\/\"},{\"@type\":\"ListItem\",\"position\":2,\"name\":\"Histoire de l&rsquo;A\u00efkido\"}]},{\"@type\":\"WebSite\",\"@id\":\"https:\/\/aikido-paysdeloire.org\/#website\",\"url\":\"https:\/\/aikido-paysdeloire.org\/\",\"name\":\"A\u00efkido Pays de la Loire\",\"description\":\"Ligue FFAAA des Pays de la Loire\",\"publisher\":{\"@id\":\"https:\/\/aikido-paysdeloire.org\/#organization\"},\"potentialAction\":[{\"@type\":\"SearchAction\",\"target\":{\"@type\":\"EntryPoint\",\"urlTemplate\":\"https:\/\/aikido-paysdeloire.org\/?s={search_term_string}\"},\"query-input\":{\"@type\":\"PropertyValueSpecification\",\"valueRequired\":true,\"valueName\":\"search_term_string\"}}],\"inLanguage\":\"fr-FR\"},{\"@type\":\"Organization\",\"@id\":\"https:\/\/aikido-paysdeloire.org\/#organization\",\"name\":\"A\u00efkido Pays de la Loire\",\"url\":\"https:\/\/aikido-paysdeloire.org\/\",\"logo\":{\"@type\":\"ImageObject\",\"inLanguage\":\"fr-FR\",\"@id\":\"https:\/\/aikido-paysdeloire.org\/#\/schema\/logo\/image\/\",\"url\":\"http:\/\/wip.aikido-paysdeloire.org\/wp-content\/uploads\/cropped-logoligue-square.png\",\"contentUrl\":\"http:\/\/wip.aikido-paysdeloire.org\/wp-content\/uploads\/cropped-logoligue-square.png\",\"width\":512,\"height\":512,\"caption\":\"A\u00efkido Pays de la Loire\"},\"image\":{\"@id\":\"https:\/\/aikido-paysdeloire.org\/#\/schema\/logo\/image\/\"}}]}<\/script>\n<!-- \/ Yoast SEO plugin. -->","yoast_head_json":{"title":"Histoire de l'A\u00efkido - A\u00efkido Pays de la Loire","robots":{"index":"index","follow":"follow","max-snippet":"max-snippet:-1","max-image-preview":"max-image-preview:large","max-video-preview":"max-video-preview:-1"},"canonical":"https:\/\/aikido-paysdeloire.org\/index.php\/histoire-de-laikido\/","og_locale":"fr_FR","og_type":"article","og_title":"Histoire de l'A\u00efkido - A\u00efkido Pays de la Loire","og_description":"Histoire de l&rsquo;A\u00efkido Des origines au Japon \u00e0 la cr\u00e9ation de la FFAAA en France L\u2019A\u00efkido, un art martial aux racines profondes L&rsquo;A\u00efkido est un art martial japonais fond\u00e9 au [&hellip;]","og_url":"https:\/\/aikido-paysdeloire.org\/index.php\/histoire-de-laikido\/","og_site_name":"A\u00efkido Pays de la Loire","article_modified_time":"2025-06-16T11:13:41+00:00","og_image":[{"url":"http:\/\/wip.aikido-paysdeloire.org\/wp-content\/uploads\/488px-morihei-ueshiba_rounded2-e1726177401409.png","type":"","width":"","height":""}],"twitter_card":"summary_large_image","twitter_misc":{"Dur\u00e9e de lecture estim\u00e9e":"5 minutes"},"schema":{"@context":"https:\/\/schema.org","@graph":[{"@type":"WebPage","@id":"https:\/\/aikido-paysdeloire.org\/index.php\/histoire-de-laikido\/","url":"https:\/\/aikido-paysdeloire.org\/index.php\/histoire-de-laikido\/","name":"Histoire de l'A\u00efkido - A\u00efkido Pays de la Loire","isPartOf":{"@id":"https:\/\/aikido-paysdeloire.org\/#website"},"primaryImageOfPage":{"@id":"https:\/\/aikido-paysdeloire.org\/index.php\/histoire-de-laikido\/#primaryimage"},"image":{"@id":"https:\/\/aikido-paysdeloire.org\/index.php\/histoire-de-laikido\/#primaryimage"},"thumbnailUrl":"http:\/\/wip.aikido-paysdeloire.org\/wp-content\/uploads\/488px-morihei-ueshiba_rounded2-e1726177401409.png","datePublished":"2024-07-08T22:11:26+00:00","dateModified":"2025-06-16T11:13:41+00:00","breadcrumb":{"@id":"https:\/\/aikido-paysdeloire.org\/index.php\/histoire-de-laikido\/#breadcrumb"},"inLanguage":"fr-FR","potentialAction":[{"@type":"ReadAction","target":["https:\/\/aikido-paysdeloire.org\/index.php\/histoire-de-laikido\/"]}]},{"@type":"ImageObject","inLanguage":"fr-FR","@id":"https:\/\/aikido-paysdeloire.org\/index.php\/histoire-de-laikido\/#primaryimage","url":"http:\/\/wip.aikido-paysdeloire.org\/wp-content\/uploads\/488px-morihei-ueshiba_rounded2-e1726177401409.png","contentUrl":"http:\/\/wip.aikido-paysdeloire.org\/wp-content\/uploads\/488px-morihei-ueshiba_rounded2-e1726177401409.png"},{"@type":"BreadcrumbList","@id":"https:\/\/aikido-paysdeloire.org\/index.php\/histoire-de-laikido\/#breadcrumb","itemListElement":[{"@type":"ListItem","position":1,"name":"Accueil","item":"https:\/\/aikido-paysdeloire.org\/"},{"@type":"ListItem","position":2,"name":"Histoire de l&rsquo;A\u00efkido"}]},{"@type":"WebSite","@id":"https:\/\/aikido-paysdeloire.org\/#website","url":"https:\/\/aikido-paysdeloire.org\/","name":"A\u00efkido Pays de la Loire","description":"Ligue FFAAA des Pays de la Loire","publisher":{"@id":"https:\/\/aikido-paysdeloire.org\/#organization"},"potentialAction":[{"@type":"SearchAction","target":{"@type":"EntryPoint","urlTemplate":"https:\/\/aikido-paysdeloire.org\/?s={search_term_string}"},"query-input":{"@type":"PropertyValueSpecification","valueRequired":true,"valueName":"search_term_string"}}],"inLanguage":"fr-FR"},{"@type":"Organization","@id":"https:\/\/aikido-paysdeloire.org\/#organization","name":"A\u00efkido Pays de la Loire","url":"https:\/\/aikido-paysdeloire.org\/","logo":{"@type":"ImageObject","inLanguage":"fr-FR","@id":"https:\/\/aikido-paysdeloire.org\/#\/schema\/logo\/image\/","url":"http:\/\/wip.aikido-paysdeloire.org\/wp-content\/uploads\/cropped-logoligue-square.png","contentUrl":"http:\/\/wip.aikido-paysdeloire.org\/wp-content\/uploads\/cropped-logoligue-square.png","width":512,"height":512,"caption":"A\u00efkido Pays de la Loire"},"image":{"@id":"https:\/\/aikido-paysdeloire.org\/#\/schema\/logo\/image\/"}}]}},"_links":{"self":[{"href":"https:\/\/aikido-paysdeloire.org\/index.php\/wp-json\/wp\/v2\/pages\/55","targetHints":{"allow":["GET"]}}],"collection":[{"href":"https:\/\/aikido-paysdeloire.org\/index.php\/wp-json\/wp\/v2\/pages"}],"about":[{"href":"https:\/\/aikido-paysdeloire.org\/index.php\/wp-json\/wp\/v2\/types\/page"}],"author":[{"embeddable":true,"href":"https:\/\/aikido-paysdeloire.org\/index.php\/wp-json\/wp\/v2\/users\/1"}],"replies":[{"embeddable":true,"href":"https:\/\/aikido-paysdeloire.org\/index.php\/wp-json\/wp\/v2\/comments?post=55"}],"version-history":[{"count":57,"href":"https:\/\/aikido-paysdeloire.org\/index.php\/wp-json\/wp\/v2\/pages\/55\/revisions"}],"predecessor-version":[{"id":726,"href":"https:\/\/aikido-paysdeloire.org\/index.php\/wp-json\/wp\/v2\/pages\/55\/revisions\/726"}],"wp:attachment":[{"href":"https:\/\/aikido-paysdeloire.org\/index.php\/wp-json\/wp\/v2\/media?parent=55"}],"curies":[{"name":"wp","href":"https:\/\/api.w.org\/{rel}","templated":true}]}}